174873514?
1
What is the hundred thousands digit of 155802412?
8
What is the ten thousands digit of 3723005830?
0
What is the millions digit of 303598227?
3
What is the tens digit of 900834336?
3
What is the hundreds digit of 946687443?
4
What is the millions digit of 742509659?
2
What is the hundred thousands digit of 183456229?
4
What is the hundred thousands digit of 4226912964?
9
What is the hundred millions digit of 7346414808?
3
What is the millions digit of 106696642?
6
What is the units digit of 873196434?
4
What is the units digit of 19022345?
5
What is the hundred thousands digit of 4943968804?
9
What is the tens digit of 137319516?
1
What is the millions digit of 357192952?
7
What is the units digit of 215275307?
7
What is the tens digit of 203994782?
8
What is the ten thousands digit of 535227063?
2
What is the millions digit of 177401823?
7
What is the units digit of 19033372?
2
What is the ten thousands digit of 28545745?
4
What is the ten millions digit of 2390769021?
9
What is the ten thousands digit of 34773572?
7
What is the hundreds digit of 279827586?
5
What is the billions digit of 1163694262?
1
What is the thousands digit of 5520354710?
4
What is the hundreds digit of 367231010?
0
What is the hundred millions digit of 6628337945?
6
What is the ten millions digit of 146950292?
4
What is the millions digit of 121735146?
1
What is the ten thousands digit of 39729953?
2
What is the tens digit of 8420856?
5
What is the tens digit of 75316341?
4
What is the millions digit of 73412556?
3
What is the units digit of 28528985?
5
What is the tens digit of 5992096?
9
What is the hundreds digit of 1548399746?
7
What is the millions digit of 2016357882?
6
What is the thousands digit of 3992295?
2
What is the ten millions digit of 77817165?
7
What is the ten thousands digit of 1413556?
1
What is the ten millions digit of 257930238?
5
What is the hundreds digit of 208302910?
9
What is the billions digit of 1041890289?
1
What is the millions digit of 4916669630?
6
What is the tens digit of 271222122?
2
What is the hundred millions digit of 4678086038?
6
What is the hundreds digit of 46637428?
4
What is the hundreds digit of 55875369?
3
What is the hundred thousands digit of 2030562003?
5
What is the hundreds digit of 4702708741?
7
What is the hundred thousands digit of 60014519?
0
What is the hundred thousands digit of 2898506418?
5
What is the hundred thousands digit of 223236282?
2
What is the ten thousands digit of 3866053433?
5
What is the hundreds digit of 3858229456?
4
What is the thousands digit of 45488406?
8
What is the units digit of 107060960?
0
What is the ten millions digit of 5588537806?
8
What is the ten millions digit of 246073018?
4
What is the units digit of 618523745?
5
What is the millions digit of 9234118251?
4
What is the ten millions digit of 79183244?
7
What is the ten thousands digit of 8157858?
5
What is the tens digit of 16636956?
5
What is the ten millions digit of 1922722883?
2
What is the ten millions digit of 146112156?
4
What is the tens digit of 4369966145?
4
What is the hundred thousands digit of 4069752410?
7
What is the millions digit of 1113224367?
3
What is the thousands digit of 26545172?
5
What is the thousands digit of 127330065?
0
What is the ten millions digit of 223568041?
2
What is the tens digit of 31508196?
9
What is the millions digit of 477708933?
7
What is the hundred millions digit of 125906139?
1
What is the tens digit of 493105384?
8
What is the ten thousands digit of 12910191?
1
What is the millions digit of 77596885?
7
What is the tens digit of 2463414670?
7
What is the millions digit of 1959084809?
9
What is the tens digit of 3326119605?
0
What is the millions digit of 1243526557?
3
What is the ten thousands digit of 71160387?
6
What is the millions digit of 16142697?
6
What is the ten millions digit of 3300672306?
0
What is the ten thousands digit of 2056193868?
9
What is the hundred millions digit of 4568773162?
5
What is the thousands digit of 157139663?
9
What is the thousands digit of 21820175?
0
What is the hundred millions digit of 271481265?
2
What is the thousands digit of 1302412692?
2
What is the millions digit of 84232442?
4
What is the ten millions digit of 502930412?
0
What is the units digit of 1417102634?
4
What is the hundred millions digit of 164250001?
1
What is the thousands digit of 2497418891?
8
What is the millions digit of 444062295?
4
What is the units digit of 4191900324?
4
What is the ten thousands digit of 3085867615?
6
What is the ten thousands digit of 123626062?
2
What is the ten thousands digit of 20007311?
0
What is the thousands digit of 1329378282?
8
What is the hundred thousands digit of 1762331868?
3
What is the ten millions digit of 23179166?
2
What is the ten millions digit of 1205209336?
0
What is the tens digit of 28555094?
9
What is the ten thousands digit of 3156914258?
1
What is the hundreds digit of 117929208?
2
What is the ten thousands digit of 4855540?
5
What is the thousands digit of 350201437?
1
What is the units digit of 154158999?
9
What is the ten millions digit of 1347087557?
4
What is the hundred millions digit of 1674054282?
6
What is the units digit of 118261239?
9
What is the hundreds digit of 894277635?
6
What is the hundred millions digit of 4338361786?
3
What is the ten millions digit of 254274013?
5
What is the hundreds digit of 22266314?
3
What is the hundred thousands digit of 5125019145?
0
What is the ten millions digit of 97529018?
9
What is the hundred thousands digit of 305016933?
0
What is the ten millions digit of 1428672092?
2
What is the ten millions digit of 628271547?
2
What is the hundred thousands digit of 76423169?
4
What is the billions digit of 1695211252?
1
What is the millions digit of 1112521899?
2
What is the ten millions digit of 102017341?
0
What is the ten thousands digit of 720309250?
0
What is the hundred thousands digit of 132898840?
8
What is the units digit of 726519399?
9
What is the millions digit of 24240925?
4
What is the ten millions digit of 464412859?
6
What is the hundred millions digit of 117286939?
1
What is the units digit of 32038842?
2
What is the hundred thousands digit of 49150354?
1
What is the hundred thousands digit of 6631313785?
3
What is the thousands digit of 85715369?
5
What is the hundred thousands digit of 1957010311?
0
What is the hundred millions digit of 133057017?
1
What is the thousands digit of 748129824?
9
What is the ten thousands digit of 498617379?
1
What is the ten millions digit of 138483425?
3
What is the millions digit of 39384576?
9
What is the ten millions digit of 405847951?
0
What is the ten millions digit of 2061456760?
6
What is the ten thousands digit of 680238831?
3
What is the hundreds digit of 867900651?
6
What is the thousands digit of 1634296305?
6
What is the millions digit of 41926989?
1
What is the hundreds digit of 4568997028?
0
What is the hundred thousands digit of 43680223?
6
What is the hundreds digit of 41069882?
8
What is the ten thousands digit of 2188023660?
2
What is the ten thousands digit of 26065008?
6
What is the billions digit of 2778970129?
2
What is the tens digit of 947339634?
3
What is the thousands digit of 50755212?
5
What is the hundreds digit of 94630253?
2
What is the millions digit of 26873676?
6
What is the tens digit of 104193688?
8
What is the thousands digit of 914768?
4
What is the thousands digit of 168355903?
5
What is the hundred millions digit of 752167716?
7
What is the units digit of 4755576?
6
What is the tens digit of 9055107?
0
What is the tens digit of 85505550?
5
What is the millions digit of 927742074?
7
What is the units digit of 45178596?
6
What is the tens digit of 5453575595?
9
What is the thousands digit of 239066128?
6
What is the hundreds digit of 74149265?
2
What is the thousands digit of 406311748?
1
What is the hundred millions digit of 426627037?
4
What is the hundred thousands digit of 116019655?
0
What is the ten millions digit of 211214650?
1
What is the ten thousands digit of 175178317?
7
What is the ten thousands digit of 40050462?
5
What is the ten thousands digit of 2466664090?
6
What is the hundred thousands digit of 24223579?
2
What is the tens digit of 588319551?
5
What is t